se
Is 4334959099 a prime number?
True
Is 5637356611 a composite number?
False
Is 163877041 prime?
False
Is 3117599647 composite?
False
Is 131339701 prime?
False
Is 441251771 a composite number?
True
Is 60543478859 a composite number?
False
Is 87248058239 a prime number?
True
Is 497729857 a prime number?
False
Is 108658579 prime?
True
Is 5490813353 prime?
False
Is 10568634061 a prime number?
True
Is 869895679 a composite number?
False
Is 8394903233 a composite number?
False
Is 95890637 a composite number?
False
Is 4565035039 prime?
False
Is 18992027 prime?
True
Is 1438558559 a prime number?
False
Is 6115391281 a prime number?
False
Is 7263090481 prime?
False
Is 7270422109 a composite number?
False
Is 32322600181 composite?
True
Is 735820133 a prime number?
False
Is 1854607613 a prime number?
False
Is 8654002187 composite?
True
Is 3775879997 a composite number?
False
Is 8270538433 a composite number?
False
Is 582200007 composite?
True
Is 304279061 a prime number?
False
Is 78877090787 a prime number?
False
Is 162321347 composite?
True
Is 174182461 prime?
False
Is 28446031787 composite?
False
Is 768712327 prime?
False
Is 124687183 composite?
False
Is 206908937 composite?
True
Is 31666605409 a prime number?
True
Is 4552153847 a prime number?
True
Is 1881089251 a composite number?
False
Is 4086544145 prime?
False
Is 3597344983 a composite number?
False
Is 20694337379 a prime number?
False
Is 63819011 a prime number?
False
Is 4472821207 a prime number?
True
Is 95201549759 composite?
True
Is 385631149 a composite number?
False
Is 508225979 prime?
False
Is 3429719527 prime?
False
Is 92120794349 composite?
True
Is 17477024833 composite?
True
Is 755698529 a composite number?
False
Is 27202794293 prime?
False
Is 2930127859 prime?
True
Is 5617985755 prime?
False
Is 2067283937 composite?
True
Is 18495998693 a prime number?
False
Is 172685016871 composite?
False
Is 47509175459 a composite number?
True
Is 58804327051 prime?
False
Is 21900393083 a prime number?
False
Is 81206739091 a composite number?
True
Is 32446711 composite?
True
Is 9708882391 a prime number?
False
Is 55194595777 a prime number?
True
Is 125886254851 composite?
True
Is 916637503 a prime number?
True
Is 3413974463 a prime number?
False
Is 6251056463 a composite number?
True
Is 26434982797 a composite number?
False
Is 9396094 a prime number?
False
Is 40936169041 composite?
False
Is 42592849237 a composite number?
True
Is 30189730999 a prime number?
False
Is 3303234053 prime?
False
Is 30207727867 a composite number?
False
Is 12274219757 a composite number?
True
Is 5593998035 composite?
True
Is 2817368539 prime?
True
Is 1851633457 a composite number?
True
Is 697075787 a composite number?
True
Is 177359947 a composite number?
True
Is 14765641087 a prime number?
True
Is 50170803139 a prime number?
True
Is 424506545 a composite number?
True
Is 16948320073 prime?
False
Is 83838326527 prime?
True
Is 750346547 composite?
True
Is 6545423 a composite number?
False
Is 1228950563 a composite number?
False
Is 7200812023 prime?
True
Is 2390125597 prime?
False
Is 8930827783 prime?
True
Is 51274709983 a prime number?
False
Is 244720861783 prime?
False
Is 19081206961 prime?
True
Is 3223886431 a prime number?
False
Is 23536272509 composite?
True
Is 7760650549 a composite number?
True
Is 4254419963 prime?
False
Is 7084549481 a prime number?
True
Is 7961495693 a prime number?
False
Is 1731737299 a prime number?
True
Is 1818510049 composite?
False
Is 387839836073 prime?
False
Is 3972295447 a prime number?
True
Is 3549133733 prime?
True
Is 52180813559 a composite number?
True
Is 56765201 a prime number?
True
Is 7069870279 prime?
True
Is 3784653619 prime?
True
Is 10384280233 prime?
True
Is 586809931 prime?
False
Is 922656643 composite?
False
Is 62622601997 composite?
True
Is 252531271 prime?
True
Is 591398383 a prime number?
False
Is 80800969 prime?
True
Is 20974494353 composite?
True
Is 3375678727 prime?
True
Is 68691107737 a composite number?
True
Is 5059978717 composite?
True
Is 16972166791 composite?
False
Is 60233516699 a composite number?
True
Is 4290201347 prime?
False
Is 8105437513 composite?
False
Is 242783963 prime?
False
Is 5747534701 a composite number?
True
Is 1344132403 a composite number?
False
Is 1287376309 composite?
True
Is 758500381 composite?
True
Is 8804460383 a prime number?
True
Is 14181504019 composite?
True
Is 20682951167 a composite number?
False
Is 556867 prime?
True
Is 561017543 a composite number?
True
Is 1472442169 a prime number?
False
Is 558017459 a composite number?
True
Is 449339633 prime?
False
Is 74116205 composite?
True
Is 6709067797 a prime number?
False
Is 119927708599 a prime number?
False
Is 6128441689 a prime number?
True
Is 999304751 a composite number?
False
Is 27550402129 prime?
False
Is 17580409663 prime?
True
Is 1575107051 a composite number?
True
Is 332201021 composite?
False
Is 63009313 a composite number?
True
Is 915185767 prime?
True
Is 2318890481 prime?
False
Is 22328626087 composite?
False
Is 41409144713 a composite number?
True
Is 5730236131 prime?
True
Is 7549031053 a prime number?
True
Is 13283579759 a prime number?
False
Is 4363722509 a composite number?
True
Is 62495102893 composite?
False
Is 861661567 a prime number?
False
Is 1021741313 a prime number?
False
Is 43940569 prime?
True
Is 8173889677 composite?
True
Is 26835041 composite?
True
Is 2197084541 a composite number?
True
Is 314509699 a composite number?
True
Is 2678605135 prime?
False
Is 207654959 a prime number?
False
Is 45104380583 a composite number?
False
Is 2993937937 composite?
False
Is 57526859881 a prime number?
False
Is 428543407 a composite number?
False
Is 221512591 a composite number?
True
Is 50465404109 composite?
False
Is 23284516681 composite?
True
Is 2137229477 prime?
False
Is 65455145843 composite?
True
Is 151839506319 a composite number?
True
Is 4519144177 prime?
True
Is 2620127893 composite?
False
Is 1370919607 composite?
False
Is 67734457451 a prime number?
False
Is 105275957727 a composite number?
True
Is 5240914645 a prime number?
False
Is 5256005641 prime?
False
Is 50097770894 prime?
False
Is 31820732731 composite?
True
Is 202187183953 prime?
True
Is 341734163 a prime number?
True
Is 12577733573 a composite number?
True
Is 13817203487 a composite number?
False
Is 2265603829 composite?
False
Is 8981700157 composite?
True
Is 17970300971 a composite number?
True
Is 2400761443 a prime number?
False
Is 698511643 composite?
False
Is 21515304613 prime?
False
Is 1771454467 composite?
False
Is 281085071 a composite number?
False
Is 304189041131 a composite number?
True
Is 8544679139 prime?
True
Is 11149426877 composite?
False
Is 2074043617 a composite number?
False
Is 3108547 prime?
False
Is 3600852529 a composite number?
True
Is 458085951629 composite?
False
Is 17681724811 composite?
True
Is 54510912853 composite?
False
Is 1366681922 a composite number?
True
Is 1182226489 a prime number?
True
Is 8381850749 a composite number?
False
Is 7831202759 prime?
True
Is 127716131 a prime number?
True
Is 10439139463 composite?
True
Is 3470580097 a composite number?
True
Is 78147052903 a prime number?
True
Is 52769670299 composite?
True
Is 102114839 prime?
True
Is 18317682157 a prime number?
True
Is 16232427797 a composite number?
True
Is 3516042773 a prime number?
True
Is 1055016773 a prime number?
False
Is 13600623023 composite?
True
Is 10069803911 composite?
True
Is 16863553349 composite?
True
Is 352007477 a composite number?
False
Is 6482696233 a prime number?
False
Is 7425797521 a composite number?
True
Is 794507317 a prime number?
False
Is 12767009653 prime?
True
Is 14609752823 composite?
True
Is 39773549185 a composite number?
True
Is 8530865353 a composite number?
True
Is 1085966186 composite?
True
Is 2251364741 a composite number?
False
Is 33290787611 composite?
True
Is 3535680859 a composite number?
True
Is 48160088615 a composite number?
True
Is 8565784583 prime?
False
Is 72464990531 a composite number?
True
Is 10345068499 a prime number?
True
Is 13486509481 a composite number?
False
Is 457883749 composite?
True
Is 12998405101 a composite number?
True
Is 14457403291 a composite number?
False
Is 5817826421 a prime number?
False
Is 1521920627 a prime number?
True
Is 18864277 a composi